is the remainder when 42402 is divided by 114?
108
What is the remainder when 4707 is divided by 76?
71
What is the remainder when 177969 is divided by 1066?
1013
Calculate the remainder when 644 is divided by 119.
49
What is the remainder when 1127681 is divided by 162?
161
Calculate the remainder when 9044 is divided by 1120.
84
Calculate the remainder when 4850 is divided by 303.
2
What is the remainder when 6334 is divided by 899?
41
What is the remainder when 3844544 is divided by 1095?
1094
What is the remainder when 501 is divided by 52?
33
What is the remainder when 32427 is divided by 6485?
2
Calculate the remainder when 88348 is divided by 902.
854
What is the remainder when 78923 is divided by 19?
16
What is the remainder when 7304 is divided by 848?
520
What is the remainder when 1881 is divided by 86?
75
What is the remainder when 279 is divided by 21?
6
What is the remainder when 33935 is divided by 11300?
35
What is the remainder when 21000 is divided by 96?
72
What is the remainder when 12037 is divided by 54?
49
What is the remainder when 2459 is divided by 51?
11
What is the remainder when 173 is divided by 77?
19
Calculate the remainder when 168 is divided by 76.
16
Calculate the remainder when 3925 is divided by 98.
5
What is the remainder when 73600 is divided by 52?
20
Calculate the remainder when 637051 is divided by 16.
11
Calculate the remainder when 94049 is divided by 73.
25
What is the remainder when 2669712 is divided by 212?
208
What is the remainder when 110641 is divided by 3569?
2
Calculate the remainder when 25221 is divided by 28.
21
Calculate the remainder when 25128 is divided by 35.
33
Calculate the remainder when 13675 is divided by 17.
7
Calculate the remainder when 46878 is divided by 11.
7
Calculate the remainder when 77039 is divided by 80.
79
Calculate the remainder when 51183 is divided by 145.
143
What is the remainder when 8590489 is divided by 1989?
1987
What is the remainder when 35202 is divided by 67?
27
Calculate the remainder when 21890 is divided by 4378.
0
What is the remainder when 68920 is divided by 1564?
104
What is the remainder when 18279 is divided by 6?
3
What is the remainder when 39097 is divided by 48?
25
What is the remainder when 7935 is divided by 1952?
127
Calculate the remainder when 62759 is divided by 343.
333
What is the remainder when 4010 is divided by 223?
219
What is the remainder when 9324 is divided by 773?
48
What is the remainder when 504 is divided by 414?
90
Calculate the remainder when 5550 is divided by 1824.
78
Calculate the remainder when 498887 is divided by 70.
67
What is the remainder when 47897 is divided by 7978?
29
Calculate the remainder when 20351 is divided by 48.
47
What is the remainder when 79823 is divided by 760?
23
What is the remainder when 3571 is divided by 102?
1
What is the remainder when 213011 is divided by 26?
19
What is the remainder when 293224 is divided by 24?
16
What is the remainder when 22419 is divided by 10?
9
What is the remainder when 257 is divided by 177?
80
Calculate the remainder when 738414 is divided by 52743.
12
Calculate the remainder when 1370201 is divided by 76.
73
What is the remainder when 36772 is divided by 78?
34
Calculate the remainder when 506 is divided by 108.
74
What is the remainder when 283138 is divided by 5?
3
Calculate the remainder when 44442 is divided by 5.
2
Calculate the remainder when 32021 is divided by 151.
9
What is the remainder when 3326 is divided by 1663?
0
Calculate the remainder when 1369 is divided by 652.
65
What is the remainder when 1676 is divided by 1372?
304
Calculate the remainder when 10764 is divided by 63.
54
Calculate the remainder when 35788 is divided by 484.
456
What is the remainder when 1009 is divided by 146?
133
What is the remainder when 7320 is divided by 726?
60
What is the remainder when 1839 is divided by 155?
134
What is the remainder when 1263735 is divided by 14?
11
What is the remainder when 5930 is divided by 23?
19
What is the remainder when 13772 is divided by 505?
137
What is the remainder when 4136 is divided by 63?
41
What is the remainder when 328128 is divided by 267?
252
What is the remainder when 440 is divided by 228?
212
Calculate the remainder when 4234 is divided by 1032.
106
Calculate the remainder when 7809 is divided by 1301.
3
What is the remainder when 329172 is divided by 315?
312
What is the remainder when 12290 is divided by 614?
10
Calculate the remainder when 280172 is divided by 8004.
32
What is the remainder when 4439 is divided by 4438?
1
Calculate the remainder when 1730 is divided by 285.
20
What is the remainder when 42411 is divided by 21192?
27
What is the remainder when 1440672 is divided by 13?
12
What is the remainder when 5624 is divided by 2543?
538
Calculate the remainder when 15675 is divided by 412.
19
Calculate the remainder when 3362 is divided by 3362.
0
Calculate the remainder when 9468 is divided by 1856.
188
What is the remainder when 14441 is divided by 441?
329
Calculate the remainder when 2862 is divided by 590.
502
Calculate the remainder when 89984 is divided by 434.
146
What is the remainder when 4519 is divided by 266?
263
Calculate the remainder when 101392 is divided by 86.
84
Calculate the remainder when 435109 is divided by 435107.
2
Calculate the remainder when 1417 is divided by 144.
121
Calculate the remainder when 120828 is divided by 1473.
42
Calculate the remainder when 140391 is divided by 161.
160
Calculate the remainder when 26831 is divided by 374.
277
Calculate the remainder when 364605 is divided by 91148.
13
What is the remainder when 280186 is divided by 12?
10
What is the remainder when 1724 is divided by 668?
388
Calculate the remainder when 65310 is divided by 74.
42
Calculate the remainder when 28848 is divided by 2458.
1810
Calculate the remainder when 2311 is divided by 36.
7
Calculate the remainder when 41607 is divided by 612.
603
What is the remainder when 14844 is divided by 45?
39
What is the remainder when 1160 is divided by 1140?
20
Calculate the remainder when 1022 is divided by 190.
72
What is the remainder when 3325 is divided by 1108?
1
What is the remainder when 105634 is divided by 17560?
274
What is the remainder when 64984 is divided by 422?
418
What is the remainder when 4269808 is divided by 131?
125
Calculate the remainder when 145864 is divided by 95.
39
Calculate the remainder when 140729 is divided by 437.
15
Calculate the remainder when 10710 is divided by 480.
150
What is the remainder when 20415 is divided by 20414?
1
What is the remainder when 83176 is divided by 115?
31
What is the remainder when 7562199 is divided by 50?
49
What is the remainder when 42869 is divided by 362?
153
Calculate the remainder when 428459 is divided by 189.
185
What is the remainder when 7741 is divided by 745?
291
Calculate the remainder when 37293 is divided by 6.
3
What is the remainder when 3357 is divided by 107?
40
What is the remainder when 461598 is divided by 100?
98
Calculate the remainder when 102239 is divided by 14.
11
What is the remainder when 98884 is divided by 376?
372
What is the remainder when 101758 is divided by 319?
316
Calculate the remainder when 3166 is divided by 2795.
371
What is the remainder when 1669 is divided by 468?
265
Calculate the remainder when 108383 is divided by 21676.
3
What is the remainder when 419 is divided by 193?
33
What is the remainder when 3834 is divided by 32?
26
What is the remainder when 10369 is divided by 47?
29
What is the remainder when 102301 is divided by 60?
1
What is the remainder when 4090 is divided by 1362?
4
Calculate the remainder when 70084 is divided by 70066.
18
Calculate the remainder when 42655 is divided by 30.
25
Calculate the remainder when 701 is divided by 13.
12
Calculate the remainder when 776566 is divided by 3.
1
Calculate the remainder when 1353 is divided by 332.
25
Calculate the remainder when 11421 is divided by 11419.
2
Calculate the remainder when 45036 is divided by 203.
173
Calculate the remainder when 18288 is divided by 40.
8
What is the remainder when 3778 is divided by 115?
98
Calculate the remainder when 27855 is divided by 516.
507
Calculate the remainder when 48986 is divided by